composite number?
False
Let a be (35/(-20))/((-6)/4464). Suppose -a*d = -1298*d - 35660. Is d prime?
False
Suppose -7*b + 185 = -2*b. Let w = b + -37. Suppose g - 4*g - 1163 = -o, w = 2*o - 2*g - 2326. Is o a composite number?
False
Let h(w) = 385*w**3 + 2*w**2 - 13*w + 17. Is h(3) a prime number?
True
Let a be 86985 - (-18)/(13 + -7). Suppose 4*j = 4*s + a, 5*j - 6*j - 2*s + 21741 = 0. Is j a prime number?
False
Let n(c) = -38013*c - 65. Is n(-6) prime?
True
Suppose 4*q - 5*f - 248314 = 0, -8 = -9*f + 5*f. Is q prime?
True
Is -1 - 11482809/(-15) - (-3)/(-5) composite?
True
Let i = 9806 - -17406. Suppose -4*o - 4*l = -i, 3*o = 4*o - 3*l - 6803. Is o a prime number?
True
Suppose -2*w = 4*m + 9490, 2*m + 3201 + 1532 = -5*w. Suppose -3*c - 3917 = -2*t, -7*c = -2*c + 2*t + 6523. Let x = c - m. Is x a prime number?
True
Let s = -165 + 4502. Is s a prime number?
True
Let n(o) = -333*o + 788. Is n(-65) prime?
True
Suppose -2*d = -3*k + 13683, -3*k - d + 7993 = -5690. Is k prime?
True
Let x(d) = -4*d**2 - 4*d + 2. Let h(n) = 3*n**2 + 4*n - 2. Let u(c) = -5*h(c) - 4*x(c). Let r be u(4). Suppose 6*v - 3*v = r*p - 368, 6 = 3*v. Is p prime?
False
Suppose 0 = f + 5*f - 24. Suppose f*g - 499 - 559 = -5*s, 2*s + 1339 = 5*g. Let i = 712 - g. Is i composite?
True
Let l(c) = 1426*c - 35. Let i be l(10). Is i - -6*16/(-24) a composite number?
False
Let k = -31 - -41. Suppose 2*o = -3*o - k, 0 = -2*l - 3*o + 586. Suppose -5*c = -n - 1496, c + 2*n = -n + l. Is c a composite number?
True
Let f = -20744 - -31014. Suppose -26*r = -16*r - f. Is r a prime number?
False
Let w = 190 + -214. Let i(l) = -l**3 + 14*l**2 + 43*l - 7. Is i(w) prime?
True
Let i(m) = -413*m**3 - 4*m**2 + 2*m + 2. Suppose -6*k + 52 = 58. Is i(k) a prime number?
True
Suppose 4*x - 326815 = 402061. Is x prime?
False
Let t(c) = 50*c + 75. Let o(p) = -p + 1. Let f(h) = 6*o(h) + t(h). Suppose -188*s = -184*s + u - 99, 5*s - 3*u = 128. Is f(s) a composite number?
False
Let h(o) be the first derivative of -2*o**3/3 + 11*o**2 - 15*o + 32. Let a be h(10). Suppose -2*x - x - 2685 = -4*g, 0 = 3*g - a*x - 2022. Is g prime?
False
Let l be (6 + -2 - -1)*1993. Is (-50)/(-20)*8/10 + l prime?
True
Let f = 132238 - -213165. Is f a composite number?
True
Let r(w) = 9 - 499*w + 9 + 5566*w + 3 - 2. Is r(4) a prime number?
True
Let o(z) = -247*z - 4. Let u be o(5). Let w = 2060 - u. Is w a composite number?
False
Suppose -3950 + 857 = -3*o + 4*u, -2*u + 1031 = o. Let y = o + -418. Is y prime?
True
Suppose 3*b - 18307 = -2*u, 4*b + 4*u = 6*b - 12210. Is b a composite number?
True
Let v(w) = w - 7. Let d be v(4). Is 1/((-6)/(-66684))*d/(-6) a composite number?
False
Let g = -4034 - -32353. Is g composite?
False
Let b be (1 + (-3549)/2)*(-1 + 11). Is b*(56/20 + -3) composite?
False
Is (1 - 2 - -164414)*(8 - 7) a composite number?
False
Suppose -64*n - 46*n + 50836960 = -3375550. Is n a composite number?
True
Suppose -4*k = -1658 - 178. Suppose 5*u - 496 = k. Suppose -4*v + u = -261. Is v a composite number?
False
Suppose 0 = -3*u + 5*g + 24854, 5*u - 2*g - 11904 = 29494. Suppose -1771 = -y - 3*v, -2*v + 2954 = -3*y + u. Is y prime?
False
Let j = -114187 + 352304. Is j prime?
False
Suppose 15 = 2*z + 4*p - p, -5*z + 3*p + 48 = 0. Suppose -f - 4346 = -a, -8*f + 17375 = 4*a - z*f. Is a a composite number?
True
Let b = 2708 + 1261. Let l = b + -1840. Is l a composite number?
False
Suppose 389 = -5*h + 3269. Suppose 3*y = -2*q + h, 5*q - 3*y - 901 = 560. Let w = q + -34. Is w a prime number?
True
Suppose -295*l + 290*l + 4*x + 919969 = 0, 3*x - 367983 = -2*l. Is l composite?
True
Let l be 41*-10*(5 - (-884)/(-8)). Suppose -5*c - l = -5*b, 15*b - 12*b + 3*c = 25953. Is b prime?
False
Let t = 623147 - 272934. Is t a prime number?
True
Suppose -2*t + 1483 = 291. Let n = -282 + t. Is n prime?
False
Let p(h) = -h**2 + 10*h - 8. Let v be p(7). Let s(a) = 12 - 24 - 16 + 169*a - 40*a. Is s(v) composite?
True
Suppose 11*p + 20 = 15*p. Suppose -p*n + 10596 = k - 3339, -3*k - 8379 = -3*n. Suppose 2*h + n = 2*d + 5*h, -6 = 3*h. Is d composite?
True
Let y = -10024 - -5850. Let v = y - -6335. Is v composite?
False
Let j be 2 - (3 - 2 - 3). Let k be (26/(-8) - -4)*(0 + j). Suppose u + 1521 = 4*y, -k*y = y - 2*u - 1526. Is y composite?
False
Is (-84)/(-16) + (-4 - -2)/8 - -286968 composite?
False
Let z = -351270 - -510025. Is z composite?
True
Suppose -335 - 1297 = -z. Let k be (-30)/(-7) + 2/(-7). Suppose k*j - 2*p = z, -2*j - 2*p + 2031 = 3*j. Is j prime?
False
Let f be 3 + (1 - 3 - -1). Suppose -15 = -f*h + 3*m, -2*m = -2*h - m + 9. Suppose h*l + 274 - 985 = 0. Is l prime?
False
Let r(c) be the first derivative of c**3/3 - 19*c**2/2 + 22*c - 10. Let f be r(18). Suppose -4*s + 2*s = f, -4*i + 1238 = -5*s. Is i composite?
False
Let p(m) be the first derivative of 8*m**3/3 + m**2/2 + 37*m - 103. Is p(-18) composite?
True
Let g(f) = 31*f**2 + 31*f + 19. Is g(-12) composite?
False
Let j(z) = -1613*z + 9. Let i be j(-4). Suppose g - 8*g + i = 0. Is g prime?
False
Let f be (-24)/60 - 14/(-10). Is (3086/(-5 - -7))/f prime?
True
Let a be (0*2/8)/(-2). Suppose 3*c = -k + 4*k + 11097, a = c - 2*k - 3703. Suppose -r + c = 4*r. Is r a prime number?
True
Let c(j) = -2*j + 1. Let o be c(-5). Suppose 4*h + 4*q + o + 1 = 0, -4*h - 5*q = 12. Is (2460/(-50))/((-4)/(-30)*h) prime?
False
Is (-1634325)/(-50) - (-3 + (-10)/(-4)) a composite number?
False
Let d(v) = -2*v - 27 + 0*v - 2*v + 8*v + 2*v - 23*v**3 - 3*v**2. Is d(-8) composite?
True
Suppose 3*b + 90 = 3*c, c = 6*c + 3*b - 166. Let y = c + -28. Suppose -y*k + 13*k = 13887. Is k a composite number?
False
Let u(z) = -312*z**2 - 39*z + 36. Let r be u(15). Is (r/(-14))/(-9)*(-22)/1 composite?
True
Suppose -27*g + 4509816 = 471156. Suppose -5*y + s + g = 0, -2*y + 4*y + 5*s = 59859. Is y prime?
True
Suppose -5*k + 2*y + 3108009 = 0, -3*k - 3*y - 23276 = -1888052. Is k composite?
True
Let l = 55224 - -133789. Is l composite?
True
Let c(y) = -y**3 + 12*y**2 - 16*y + 25. Let u be c(11). Let h be (u/(-5))/3*815. Suppose 2*b + h = 4*n, n + 5*b - 833 = -n. Is n a prime number?
True
Let u be 0 + (-7)/(21/783). Let p = u - -481. Suppose -y + 267 = -p. Is y prime?
True
Suppose -8970144 = 23*d - 43393301. Is d composite?
True
Let y(m) = 114*m**2 + 3*m - 65. Suppose c + 19 = 25. Is y(c) a prime number?
True
Let v(q) = -2*q + 7. Suppose -5*c + 18 = -2*r - 7, -2*r - 4*c + 20 = 0. Let m be v(r). Suppose -1706 = -m*j + 2865. Is j composite?
False
Suppose -3*d + 4*h - 3 = 0, 5*d + 2*h - 32 = -11. Suppose 3*b + 15 = 0, 0 = -d*z + 5*b + 6663 - 179. Is z prime?
True
Let z(s) = -s**2 + 16*s - 26. Let d be z(14). Suppose 5*r + 755 = -46*j + 51*j, d*j - 294 = -2*r. Is j prime?
True
Let g(j) = 7399*j + 411. Is g(4) a prime number?
False
Suppose 3*o + 2*k - 4958 = -0*k, -4*k - 6584 = -4*o. Let u = o + -499. Is u a composite number?
False
Suppose 0 = -44*q + 4764907 + 2333745. Is q composite?
False
Let f = 884897 + -62418. Is f a composite number?
True
Let z = -76 - -76. Suppose -2*b = -z*b - 13798. Let k = b - 4920. Is k composite?
False
Let a(x) be the third derivative of 11*x**5/60 - x**4/24 - 7*x**3/6 + 425*x**2 - 2*x. Let v be (-1)/5 + (-14)/5. Is a(v) a composite number?
True
Let b(m) = 58*m**2 - 3*m - 57*m**2 - 8 + 3*m. Let q be b(3). Is (4254/12)/((-2)/(-4)*q) a prime number?
True
Let n be -5 + 1 + 0/((-12)/(-3)). Let s be (-14)/(-4) + n + 31814/4. Is (-2)/7 + s/77 a prime number?
True
Let i be (-7 + (-195)/(-25))/(2/70). Let v = i + -26. Suppose b = -v*b + 17637. Is b a composite number?
False
Is (234/(-45) - -5) + 4621344/20 a prime number?
True
Let u be 3/(((-45)/(-276))/5). Let g = 90 - u. Is g/6*(-1 - 6548) prime?
False
Let i = -111392 - -701089. Is i composite?
True
Suppose -9054*z + 9039*z = -200235. Is z a prime number?
False
Let k = 16 + 6. Suppose -i = -k - 29. Let l = -29 + i. Is l prime?
False
Suppose -3*f + 47*u - 49*u = -381364, -25 = -5*u. Is f prime?
False
Let g = 4 + -1. Let j be (g*9/6)/(6/(-32)). Is j/132 - -2*(-40022)/(-44) a prime number?
False
Suppose -4*q + 3*r - r + 379010 = 0, -4*q + 379007 = -5*r. Is q a composite number?
True
Let f(o) = 2*o - 66. Let j be f(35). Suppose 18055 = -4*k + 3*h + 47531, -29476 = -4*k + j*h. Is k composite?
False
Suppose -20 = -4*y, -33*w - 4*y = -31*w + 6320. Let z